s - 17*s - 910. Calculate the remainder when 254 is divided by s.
12
Let n = 126 - 73. Suppose 4*j - 118 = -m, -19*j - 88 = -23*j + 2*m. What is the remainder when n is divided by j?
26
Suppose 5*y + 102 = 2*o, 2*o - 57 = y + 45. Suppose h - 1760*n - 8 = -1759*n, -2*h - 4*n + 46 = 0. Calculate the remainder when o is divided by h.
12
Suppose 0 = -4*n + 2*j - 14, -4*j = -16 + 20. Let p(k) = -k**3 - 2*k**2 + k - 7. Calculate the remainder when 60 is divided by p(n).
18
What is the remainder when 1408 is divided by 2944/32 + (8 - -9)?
100
Suppose -5*v - 3*f - 11 = 0, 2*v - 3*f - 14 = -10. Calculate the remainder when v/(-3) - 2988/(-27) is divided by 16.
15
Suppose 34*x + 13 = 115. Suppose -4*m + 48 = -0*l + l, 0 = -x*l + 4*m + 64. Calculate the remainder when l is divided by 10.
8
Let f = -7757 + 8025. Calculate the remainder when f is divided by 49.
23
Suppose 2*d + 96 = -3*a + 215, -48 = -12*d. Calculate the remainder when 5213 is divided by a.
33
Suppose -10*l + 48 = -2*l. Let y be -3 + 1 + (10 - (l - 2)). Suppose -3*v = -y*r + 89 + 32, 0 = 3*r + 2*v - 112. What is the remainder when r is divided by 6?
4
Suppose -5*l + 0*a + 35 = -5*a, -2*l - a = -20. Let u(n) = -n**3 - 3*n**2 + 11*n + 26. Calculate the remainder when u(-6) is divided by l.
5
Let z = 265 - 150. Let n(a) = 41*a - 859. What is the remainder when z is divided by n(21)?
1
Calculate the remainder when (-270298)/(-343) + 2/(-49) is divided by 5.
3
Suppose 1375 + 515 = 3*y. Suppose 0 = 3*l - 10*l + y. Suppose -8*k = -l - 110. What is the remainder when 96 is divided by k?
21
Suppose 154 = 5*f - p, -73 = -4*f - 2*p + 53. Suppose -4*x + f + 41 = 0. Calculate the remainder when (3 - 1)/(-2) - -89 is divided by x.
16
Let m(y) = 97*y**2 + 1051*y - 23. What is the remainder when 314 is divided by m(-11)?
8
Let f = 2157 + -1363. Calculate the remainder when f is divided by 14.
10
Let u(y) = 101*y + 1583. What is the remainder when u(-8) is divided by 60?
55
Let d = -232 + 302. Let s = 33 + -27. What is the remainder when (1/((-5)/(-8)))/(4/d) is divided by s?
4
Let z(l) be the second derivative of 9*l**4/4 + l**3/3 - l**2/2 - 47*l. What is the remainder when 82 is divided by z(1)?
26
Suppose -5*g - 60 = -15*g. Let n(y) = 6*y - 16. What is the remainder when n(g) is divided by 3?
2
What is the remainder when (-29)/2*17/((-204)/264) is divided by 41?
32
Let x(o) = 92*o - 167. What is the remainder when x(5) is divided by 144?
5
Let o = 55 + 18. Let a = o + -4. Let u = 87 - a. What is the remainder when 71 is divided by u?
17
Suppose 24*q - 16457 = 9047 + 11048. What is the remainder when q is divided by 15?
8
Let l(h) = 6*h**2 - 25*h + 12. Let y = -380 + 384. What is the remainder when 0/1 + 29 - -1 is divided by l(y)?
6
Suppose 42*o - 32123 - 8197 = 0. Calculate the remainder when o is divided by 384.
192
Let o be (((-54)/15)/(-3))/((-4)/(-170)). Let t = o + 2. Suppose 4*l + 0 = -16, 3*p + l = t. Calculate the remainder when 33 is divided by p.
14
Suppose 0 = 278*b - 1350 + 109 - 1261. What is the remainder when 17666 is divided by b?
8
Let h(b) = -61*b**3 + 5*b**2 + 8*b + 1. Let i be h(-1). Suppose -181 = -2*z + i. Calculate the remainder when z is divided by 62.
58
Let j = 22 + 72. Let r = j + -53. Suppose -y + 1 = -r. What is the remainder when 122 is divided by y?
38
Let m(w) = w**2 - 5*w - 8. Let i(x) = -x**3 - 20*x**2 + 3*x + 53. Let p be i(-20). What is the remainder when m(p) is divided by 39?
37
Let r(y) = y**3 + 21*y**2 - 34*y + 2. What is the remainder when r(-11) is divided by 1582?
4
Suppose 2*x = -4*k + 6, x + 0*k = -k + 3. Let d(i) = -64*i - 9. Let b be d(x). What is the remainder when -3*(0 - b/(-9)) is divided by 23?
21
Let u = 877 + -410. Let t = u - 269. Calculate the remainder when t is divided by 29.
24
Suppose -h + 4*l = -1114, 12*l = 5*h + 8*l - 5618. What is the remainder when h is divided by 375?
1
Calculate the remainder when 23869 is divided by 37 + 50/(-5 - 5).
29
What is the remainder when (-10)/(-5 - (-21)/(21/3)) - -5209 is divided by 32?
30
Suppose 4*z - 1946 = -1790. Suppose -w - 2 = 0, 0 - 2 = q + 4*w. Calculate the remainder when z is divided by (-2)/(-1*q/51).
5
Let h(j) = -j**2 + 47*j + 283. What is the remainder when 91 is divided by h(52)?
22
What is the remainder when 1468 is divided by 572/(6 - 2) + (-13)/(-65)*35?
118
Let y be 7988/(-18) - 10/45. Let t = -24149 - -24187. Calculate the remainder when (2/6)/((-2)/y) is divided by t.
36
Suppose -158*m + 161*m - 4*c = 29, 35 = m + 5*c. What is the remainder when 833 is divided by m?
8
Let x(q) = -q**3 + q**2 + 2*q + 40. Suppose d - 5*d - 2*d = 0. Calculate the remainder when 136 is divided by x(d).
16
Let s = -33 + 48. Suppose s*r - 70 = 10*r. Calculate the remainder when 6/21 - (-1260)/49 is divided by r.
12
Let a(j) = 129*j - 3458. What is the remainder when a(29) is divided by 29?
22
What is the remainder when (25/10)/(5 + 3*353/(-212)) is divided by 133?
131
Let x = 273 + -194. Suppose -15*m + 4*m + m = -1570. Calculate the remainder when m is divided by x.
78
Suppose 110 = 3*i - 31. Let c = -132232 - -132417. What is the remainder when c is divided by i?
44
Let t = 11746 - 11734. What is the remainder when 5361 is divided by t?
9
Let d(l) = -3*l**2 - 168*l + 676. What is the remainder when 638 is divided by d(-59)?
58
Suppose 4*h - h - 53 = b, -3*b + 57 = 3*h. Suppose 0 = 4*u + 6*u - 580. Calculate the remainder when u is divided by h/2 - (-7)/7.
8
Suppose -3*t - 3*j = -93, 2*t + 187 = 7*t - 3*j. Suppose -5*k + 3*p = 6*p - t, 0 = -5*p + 25. Calculate the remainder when 47 is divided by k.
3
Let x(g) = -g**2 - 82*g - 934. Calculate the remainder when 67 is divided by x(-14).
13
Suppose 7258 = 5848*s - 5829*s. Calculate the remainder when s is divided by 120.
22
Suppose 0 = -10*g - 4*g + 154. Suppose -4*x + 5*x = g. What is the remainder when 53 is divided by x?
9
What is the remainder when 4 + 294/(-21) + 55 is divided by 2/(-8)*-2*14?
3
Suppose -3*v + 29 + 19 = 0. Let s be ((-20)/(-16))/((-1)/(-4)). Suppose s*o - 51 = -v. What is the remainder when 12 is divided by o?
5
Let s(v) = -v**3 + 4*v**2 - 2*v - 3. Let f be s(3). Suppose -4*l - 2 + 74 = f. Let g = -3 + l. What is the remainder when 56 is divided by g?
11
Let n be ((-4)/(-8))/((-1)/(-76)). Suppose n = -19*b + 133. Suppose y - 4*j - 7 = 2*y, 0 = 4*y - 3*j - 67. Calculate the remainder when y is divided by b.
3
Let r(j) = -299*j + 5*j**2 - 3 + 296*j - 11 + 26*j**2 - 5*j**2 + j**3. What is the remainder when 250 is divided by r(-26)?
58
Suppose -h - 4 = 0, 3 + 104 = 5*o - 3*h. Suppose 14*p + 1089 = 47*p. Let n = p - o. What is the remainder when 40 is divided by n?
12
Calculate the remainder when 42/4*24/10*(-9295)/(-286) is divided by 27.
9
Suppose 121*d - 114*d - 1603 = 0. What is the remainder when d is divided by 196*(-27)/(-72) + 4/8?
7
Let c(f) = f + 7. Let i = -29 - -31. Suppose i*r + 0*r = 4*d + 12, 2*r - 3*d = 9. What is the remainder when 26 is divided by c(r)?
5
Suppose -6663 = -37*o + 4178. Calculate the remainder when o is divided by 75.
68
Let w = -1567 + 1684. What is the remainder when 331 is divided by w?
97
Let p = -7 + -13. Suppose 16*v - 2574 + 1198 = 0. Calculate the remainder when v is divided by ((-45)/25)/(2/p).
14
Calculate the remainder when 655 is divided by (-988)/14*168/(-72) - 24/36.
163
Suppose 740*y - 745*y = -95. What is the remainder when y is divided by (-16)/(-20) + 0 + (-63)/(-15)?
4
Let y(o) = o**2 - 8*o + 12. Let s be y(4). Let x be 60/8 + (-2)/s. What is the remainder when (-982)/(-8) + ((-42)/x)/7 is divided by 25?
22
Calculate the remainder when 407 is divided by (56 - 69) + 140/2.
8
Suppose 717*m - 702*m = 450. Calculate the remainder when m is divided by 56/3 - 2/(-6).
11
Suppose 0 = 15*f - 12310 - 24740. Suppose f = 5*u + 565. What is the remainder when u is divided by 48?
45
Suppose 155*c - 103*c - 78440 = -244*c. Calculate the remainder when c is divided by 152.
113
Let v be (-3)/(-6)*-2 - 0. Calculate the remainder when 190/20*(15 + v) is divided by 6/(-11 + 202/18).
25
Let b = 28 - 12. Let n(j) = 2*j**2 - 16*j + 4. Let x be n(8). Suppose -3*f + 209 = x*y, 5*y + 38 = 4*f - 3*f. What is the remainder when f is divided by b?
15
Suppose -370 - 225 = -5*y. What is the remainder when 354 is divide